{"id":951,"date":"2026-03-09T21:54:21","date_gmt":"2026-03-09T20:54:21","guid":{"rendered":"https:\/\/valonio.com\/?page_id=951"},"modified":"2026-04-13T10:33:59","modified_gmt":"2026-04-13T08:33:59","slug":"galerie-video-copie","status":"publish","type":"page","link":"https:\/\/valonio.com\/?page_id=951","title":{"rendered":"GALERIE VID\u00c9O*"},"content":{"rendered":"<style>.wp-block-kadence-advancedheading.kt-adv-heading951_d2fcee-3f, .wp-block-kadence-advancedheading.kt-adv-heading951_d2fcee-3f[data-kb-block=\"kb-adv-heading951_d2fcee-3f\"]{font-size:20px;font-style:normal;}.wp-block-kadence-advancedheading.kt-adv-heading951_d2fcee-3f mark.kt-highlight, .wp-block-kadence-advancedheading.kt-adv-heading951_d2fcee-3f[data-kb-block=\"kb-adv-heading951_d2fcee-3f\"] mark.kt-highlight{font-style:normal;color:#f76a0c;-webkit-box-decoration-break:clone;box-decoration-break:clone;padding-top:0px;padding-right:0px;padding-bottom:0px;padding-left:0px;}.wp-block-kadence-advancedheading.kt-adv-heading951_d2fcee-3f img.kb-inline-image, .wp-block-kadence-advancedheading.kt-adv-heading951_d2fcee-3f[data-kb-block=\"kb-adv-heading951_d2fcee-3f\"] img.kb-inline-image{width:150px;vertical-align:baseline;}<\/style>\n<h1 class=\"kt-adv-heading951_d2fcee-3f wp-block-kadence-advancedheading\" data-kb-block=\"kb-adv-heading951_d2fcee-3f\">LA GALERIE VID\u00c9O<\/h1>\n\n\n<style>.wp-block-kadence-advancedheading.kt-adv-heading951_c47dad-43, .wp-block-kadence-advancedheading.kt-adv-heading951_c47dad-43[data-kb-block=\"kb-adv-heading951_c47dad-43\"]{font-size:var(--global-kb-font-size-md, 1.25rem);font-style:normal;}.wp-block-kadence-advancedheading.kt-adv-heading951_c47dad-43 mark.kt-highlight, .wp-block-kadence-advancedheading.kt-adv-heading951_c47dad-43[data-kb-block=\"kb-adv-heading951_c47dad-43\"] mark.kt-highlight{font-style:normal;color:#f76a0c;-webkit-box-decoration-break:clone;box-decoration-break:clone;padding-top:0px;padding-right:0px;padding-bottom:0px;padding-left:0px;}.wp-block-kadence-advancedheading.kt-adv-heading951_c47dad-43 img.kb-inline-image, .wp-block-kadence-advancedheading.kt-adv-heading951_c47dad-43[data-kb-block=\"kb-adv-heading951_c47dad-43\"] img.kb-inline-image{width:150px;vertical-align:baseline;}<\/style>\n<p class=\"kt-adv-heading951_c47dad-43 wp-block-kadence-advancedheading\" data-kb-block=\"kb-adv-heading951_c47dad-43\">LE DEUXI\u00c8ME CHAPITRE DU LIVRE EST UN RAPPEL DE LA COLLECTION <em>SIMENON \u00c9CRIVAIN PHOTOGRAPHE<\/em><\/p>\n\n\n<style>.wp-block-kadence-advancedheading.kt-adv-heading951_733e08-8f, .wp-block-kadence-advancedheading.kt-adv-heading951_733e08-8f[data-kb-block=\"kb-adv-heading951_733e08-8f\"]{font-size:var(--global-kb-font-size-md, 1.25rem);font-style:normal;color:#cc6412;}.wp-block-kadence-advancedheading.kt-adv-heading951_733e08-8f mark.kt-highlight, .wp-block-kadence-advancedheading.kt-adv-heading951_733e08-8f[data-kb-block=\"kb-adv-heading951_733e08-8f\"] mark.kt-highlight{font-style:normal;color:#f76a0c;-webkit-box-decoration-break:clone;box-decoration-break:clone;padding-top:0px;padding-right:0px;padding-bottom:0px;padding-left:0px;}.wp-block-kadence-advancedheading.kt-adv-heading951_733e08-8f img.kb-inline-image, .wp-block-kadence-advancedheading.kt-adv-heading951_733e08-8f[data-kb-block=\"kb-adv-heading951_733e08-8f\"] img.kb-inline-image{width:150px;vertical-align:baseline;}<\/style>\n<p class=\"kt-adv-heading951_733e08-8f wp-block-kadence-advancedheading\" data-kb-block=\"kb-adv-heading951_733e08-8f\">pour voir les vid\u00e9os un clic sur chacune de ces photos ci-dessous<\/p>\n\n\n\n<div>\n<div>\n<div>\n<div class=\"wp-block-essential-blocks-flex-container eb-flex-container-block root-eb-flex-container-qn9ra\"><div class=\"eb-parent-wrapper eb-parent-flex-container eb-parent-eb-flex-container-qn9ra \"><div class=\"eb-flex-container eb-flex-container-qn9ra\"><div class=\"eb-flex-container-inner\">\n<div class=\"wp-block-group is-nowrap is-layout-flex wp-container-core-group-is-layout-8f761849 wp-block-group-is-layout-flex\">\n<div class=\"wp-block-essential-blocks-flex-container eb-flex-container-block root-eb-flex-container-kssv9\"><div class=\"eb-parent-wrapper eb-parent-flex-container eb-parent-eb-flex-container-kssv9 \"><div class=\"eb-flex-container eb-flex-container-kssv9\"><div class=\"eb-flex-container-inner\">\n<div class=\"wp-block-essential-blocks-flex-container eb-flex-container-block root-eb-flex-container-98988\"><div class=\"eb-parent-wrapper eb-parent-flex-container eb-parent-eb-flex-container-98988 \"><div class=\"eb-flex-container eb-flex-container-98988\"><div class=\"eb-flex-container-inner\">\n<div class=\"wp-block-essential-blocks-flex-container eb-flex-container-block root-eb-flex-container-iddg4\" id=\"wp-block-themeisle-blocks-image-6eb4ec8d\"><div class=\"eb-parent-wrapper eb-parent-flex-container eb-parent-eb-flex-container-iddg4 \"><div class=\"eb-flex-container eb-flex-container-iddg4\"><div class=\"eb-flex-container-inner\">\n<div>\n<figure class=\"wp-block-image size-full\" id=\"wp-block-themeisle-blocks-image-93b56eea\"><a href=\"https:\/\/valonio.com\/?page_id=977\"><img loading=\"lazy\" decoding=\"async\" width=\"531\" height=\"531\" src=\"https:\/\/valonio.com\/wp-content\/uploads\/2026\/03\/CanalV.jpg\" alt=\"\" class=\"wp-image-901\" srcset=\"https:\/\/valonio.com\/wp-content\/uploads\/2026\/03\/CanalV.jpg 531w, https:\/\/valonio.com\/wp-content\/uploads\/2026\/03\/CanalV-300x300.jpg 300w, https:\/\/valonio.com\/wp-content\/uploads\/2026\/03\/CanalV-150x150.jpg 150w\" sizes=\"auto, (max-width: 531px) 100vw, 531px\" \/><\/a><\/figure>\n<\/div>\n<\/div><\/div><\/div><\/div>\n\n\n\n<div class=\"wp-block-essential-blocks-flex-container eb-flex-container-block root-eb-flex-container-k87m2\" id=\"wp-block-themeisle-blocks-image-6eb4ec8d\"><div class=\"eb-parent-wrapper eb-parent-flex-container eb-parent-eb-flex-container-k87m2 \"><div class=\"eb-flex-container eb-flex-container-k87m2\"><div class=\"eb-flex-container-inner\">\n<figure class=\"wp-block-image size-full\" id=\"wp-block-themeisle-blocks-image-c880515f\"><a href=\"https:\/\/valonio.com\/?page_id=977\" target=\"_blank\" rel=\"https:\/\/valonio.com\/wp-admin\/customize.php?return=%2Fwp-admin%2F noreferrer noopener\"><img loading=\"lazy\" decoding=\"async\" width=\"531\" height=\"551\" src=\"https:\/\/valonio.com\/wp-content\/uploads\/2026\/03\/Douane-V.jpg\" alt=\"\" class=\"wp-image-898\" srcset=\"https:\/\/valonio.com\/wp-content\/uploads\/2026\/03\/Douane-V.jpg 531w, https:\/\/valonio.com\/wp-content\/uploads\/2026\/03\/Douane-V-289x300.jpg 289w\" sizes=\"auto, (max-width: 531px) 100vw, 531px\" \/><\/a><\/figure>\n<\/div><\/div><\/div><\/div>\n<\/div><\/div><\/div><\/div>\n<\/div><\/div><\/div><\/div>\n\n\n\n<div class=\"wp-block-essential-blocks-flex-container eb-flex-container-block root-eb-flex-container-b9po0\"><div class=\"eb-parent-wrapper eb-parent-flex-container eb-parent-eb-flex-container-b9po0 \"><div class=\"eb-flex-container eb-flex-container-b9po0\"><div class=\"eb-flex-container-inner\"><style>.wp-block-kadence-advancedheading.kt-adv-heading951_2a998c-18, .wp-block-kadence-advancedheading.kt-adv-heading951_2a998c-18[data-kb-block=\"kb-adv-heading951_2a998c-18\"]{font-style:normal;}.wp-block-kadence-advancedheading.kt-adv-heading951_2a998c-18 mark.kt-highlight, .wp-block-kadence-advancedheading.kt-adv-heading951_2a998c-18[data-kb-block=\"kb-adv-heading951_2a998c-18\"] mark.kt-highlight{font-style:normal;color:#f76a0c;-webkit-box-decoration-break:clone;box-decoration-break:clone;padding-top:0px;padding-right:0px;padding-bottom:0px;padding-left:0px;}.wp-block-kadence-advancedheading.kt-adv-heading951_2a998c-18 img.kb-inline-image, .wp-block-kadence-advancedheading.kt-adv-heading951_2a998c-18[data-kb-block=\"kb-adv-heading951_2a998c-18\"] img.kb-inline-image{width:150px;vertical-align:baseline;}<\/style>\n<p class=\"kt-adv-heading951_2a998c-18 wp-block-kadence-advancedheading\" data-kb-block=\"kb-adv-heading951_2a998c-18\"><br>J&#8217;ai voulu mettre en vid\u00e9o chacun des chapitres. C&#8217;est ce que j&#8217;ai fait.<br>Pour ce site, j&#8217;en ai choisis quatre \u00e0 pr\u00e9senter.<br><br>Les vid\u00e9os ont \u00e9t\u00e9 mont\u00e9es avec comme mati\u00e8re les photos, les textes -exclusivement de Simenon- une voix, des montages son. La musique a \u00e9t\u00e9 compos\u00e9e \u00e0 Odessa par la compositrice Karmela Tchepkolesko. Une musique contemporaine qui cr\u00e9e une tonalit\u00e9 sp\u00e9ciale tr\u00e8s suggestive, sans m\u00e9lodie, mais exploitant les sonorit\u00e9s naturelles des instruments d\u2019orchestre classiques ou traditionnels et du patrimoine r\u00e9gionnal.<\/p>\n\n\n<style>.wp-block-kadence-advancedheading.kt-adv-heading951_fb6f5b-19_1, .wp-block-kadence-advancedheading.kt-adv-heading951_fb6f5b-19_1[data-kb-block=\"kb-adv-heading951_fb6f5b-19_1\"]{font-style:normal;}.wp-block-kadence-advancedheading.kt-adv-heading951_fb6f5b-19_1 mark.kt-highlight, .wp-block-kadence-advancedheading.kt-adv-heading951_fb6f5b-19_1[data-kb-block=\"kb-adv-heading951_fb6f5b-19_1\"] mark.kt-highlight{font-style:normal;color:#f76a0c;-webkit-box-decoration-break:clone;box-decoration-break:clone;padding-top:0px;padding-right:0px;padding-bottom:0px;padding-left:0px;}.wp-block-kadence-advancedheading.kt-adv-heading951_fb6f5b-19_1 img.kb-inline-image, .wp-block-kadence-advancedheading.kt-adv-heading951_fb6f5b-19_1[data-kb-block=\"kb-adv-heading951_fb6f5b-19_1\"] img.kb-inline-image{width:150px;vertical-align:baseline;}<\/style>\n<p class=\"kt-adv-heading951_fb6f5b-19_1 wp-block-kadence-advancedheading\" data-kb-block=\"kb-adv-heading951_fb6f5b-19_1\">J&#8217;ai voulu express\u00e9ment ce genre de compositon. Cela ne concorde peut \u00eatre pas avec les normes des adaptations du cin\u00e9ma habituel : d\u00e9cor des ann\u00e9es trente, musique uniforme et d&#8217;ambiance nostalgique. L&#8217;\u00e9crivain Simenon est devenu un auteur de stature universelle, son \u0153uvre est de haut niveau et intemporelle.<\/p>\n<\/div><\/div><\/div><\/div>\n<\/div>\n<\/div><\/div><\/div><\/div>\n\n\n<style>.wp-block-kadence-advancedheading.kt-adv-heading951_93aa09-99_0, .wp-block-kadence-advancedheading.kt-adv-heading951_93aa09-99_0[data-kb-block=\"kb-adv-heading951_93aa09-99_0\"]{font-style:normal;}.wp-block-kadence-advancedheading.kt-adv-heading951_93aa09-99_0 mark.kt-highlight, .wp-block-kadence-advancedheading.kt-adv-heading951_93aa09-99_0[data-kb-block=\"kb-adv-heading951_93aa09-99_0\"] mark.kt-highlight{font-style:normal;color:#f76a0c;-webkit-box-decoration-break:clone;box-decoration-break:clone;padding-top:0px;padding-right:0px;padding-bottom:0px;padding-left:0px;}.wp-block-kadence-advancedheading.kt-adv-heading951_93aa09-99_0 img.kb-inline-image, .wp-block-kadence-advancedheading.kt-adv-heading951_93aa09-99_0[data-kb-block=\"kb-adv-heading951_93aa09-99_0\"] img.kb-inline-image{width:150px;vertical-align:baseline;}<\/style>\n<p class=\"kt-adv-heading951_93aa09-99_0 wp-block-kadence-advancedheading\" data-kb-block=\"kb-adv-heading951_93aa09-99_0\">Les deux photos conduisent vers les montages vid\u00e9o : un clic sur chacune d&#8217;elles.<br>LES CANAUX,  LA DOUANE \/  LES PORTS DE FRANCE et EUROPE DE L&#8217;EST \/ LITUANIE<br><\/p>\n<\/div>\n<\/div>\n<\/div>\n\n\n\n<div class=\"wp-block-essential-blocks-flex-container eb-flex-container-block root-eb-flex-container-dyg9s\"><div class=\"eb-parent-wrapper eb-parent-flex-container eb-parent-eb-flex-container-dyg9s \"><div class=\"eb-flex-container eb-flex-container-dyg9s\"><div class=\"eb-flex-container-inner\">\n<div class=\"wp-block-essential-blocks-flex-container eb-flex-container-block root-eb-flex-container-oyir4\"><div class=\"eb-parent-wrapper eb-parent-flex-container eb-parent-eb-flex-container-oyir4 \"><div class=\"eb-flex-container eb-flex-container-oyir4\"><div class=\"eb-flex-container-inner\">\n<div class=\"wp-block-essential-blocks-flex-container eb-flex-container-block root-eb-flex-container-9wlwu\"><div class=\"eb-parent-wrapper eb-parent-flex-container eb-parent-eb-flex-container-9wlwu \"><div class=\"eb-flex-container eb-flex-container-9wlwu\"><div class=\"eb-flex-container-inner\">\n<div class=\"wp-block-essential-blocks-flex-container eb-flex-container-block root-eb-flex-container-9h4ro\"><div class=\"eb-parent-wrapper eb-parent-flex-container eb-parent-eb-flex-container-9h4ro \"><div class=\"eb-flex-container eb-flex-container-9h4ro\"><div class=\"eb-flex-container-inner\">\n<figure class=\"wp-block-image size-full\" id=\"wp-block-themeisle-blocks-image-1191b348\"><a href=\"https:\/\/valonio.com\/?page_id=967\" target=\"_blank\" rel=\"https:\/\/valonio.com\/?page_id=967 noreferrer noopener\"><img loading=\"lazy\" decoding=\"async\" width=\"531\" height=\"550\" src=\"https:\/\/valonio.com\/wp-content\/uploads\/2026\/03\/Ports-V-1.jpg\" alt=\"\" class=\"wp-image-900\" srcset=\"https:\/\/valonio.com\/wp-content\/uploads\/2026\/03\/Ports-V-1.jpg 531w, https:\/\/valonio.com\/wp-content\/uploads\/2026\/03\/Ports-V-1-290x300.jpg 290w\" sizes=\"auto, (max-width: 531px) 100vw, 531px\" \/><\/a><\/figure>\n<\/div><\/div><\/div><\/div>\n\n\n\n<div class=\"wp-block-essential-blocks-flex-container eb-flex-container-block root-eb-flex-container-aweda\"><div class=\"eb-parent-wrapper eb-parent-flex-container eb-parent-eb-flex-container-aweda \"><div class=\"eb-flex-container eb-flex-container-aweda\"><div class=\"eb-flex-container-inner\">\n<figure class=\"wp-block-image size-full\" id=\"wp-block-themeisle-blocks-image-401a3005\"><a href=\"https:\/\/valonio.com\/?page_id=1496\" target=\"_blank\" rel=\" noreferrer noopener\"><img loading=\"lazy\" decoding=\"async\" width=\"531\" height=\"531\" src=\"https:\/\/valonio.com\/wp-content\/uploads\/2026\/03\/Eur-Est-V.jpg\" alt=\"\" class=\"wp-image-899\" srcset=\"https:\/\/valonio.com\/wp-content\/uploads\/2026\/03\/Eur-Est-V.jpg 531w, https:\/\/valonio.com\/wp-content\/uploads\/2026\/03\/Eur-Est-V-300x300.jpg 300w, https:\/\/valonio.com\/wp-content\/uploads\/2026\/03\/Eur-Est-V-150x150.jpg 150w\" sizes=\"auto, (max-width: 531px) 100vw, 531px\" \/><\/a><\/figure>\n<\/div><\/div><\/div><\/div>\n<\/div><\/div><\/div><\/div>\n<\/div><\/div><\/div><\/div>\n\n\n\n<div class=\"wp-block-essential-blocks-flex-container eb-flex-container-block root-eb-flex-container-8o18x\"><div class=\"eb-parent-wrapper eb-parent-flex-container eb-parent-eb-flex-container-8o18x \"><div class=\"eb-flex-container eb-flex-container-8o18x\"><div class=\"eb-flex-container-inner\"><style>.wp-block-kadence-advancedheading.kt-adv-heading951_4d1bc6-f0_0, .wp-block-kadence-advancedheading.kt-adv-heading951_4d1bc6-f0_0[data-kb-block=\"kb-adv-heading951_4d1bc6-f0_0\"]{font-style:normal;}.wp-block-kadence-advancedheading.kt-adv-heading951_4d1bc6-f0_0 mark.kt-highlight, .wp-block-kadence-advancedheading.kt-adv-heading951_4d1bc6-f0_0[data-kb-block=\"kb-adv-heading951_4d1bc6-f0_0\"] mark.kt-highlight{font-style:normal;color:#f76a0c;-webkit-box-decoration-break:clone;box-decoration-break:clone;padding-top:0px;padding-right:0px;padding-bottom:0px;padding-left:0px;}.wp-block-kadence-advancedheading.kt-adv-heading951_4d1bc6-f0_0 img.kb-inline-image, .wp-block-kadence-advancedheading.kt-adv-heading951_4d1bc6-f0_0[data-kb-block=\"kb-adv-heading951_4d1bc6-f0_0\"] img.kb-inline-image{width:150px;vertical-align:baseline;}<\/style>\n<p class=\"kt-adv-heading951_4d1bc6-f0_0 wp-block-kadence-advancedheading\" data-kb-block=\"kb-adv-heading951_4d1bc6-f0_0\">J\u2019ai remarqu\u00e9 aussi d\u00e8s le d\u00e9but la qualit\u00e9 des photos de Simenon : appareil de haute sensibilit\u00e9 -le Roleiflex- des photos en noir et blanc argentiques de bonne qualit\u00e9. Des sujets tr\u00e8s touchants et \u00e0 l\u2019expression r\u00e9aliste, naturelle, en contact avec l\u2019op\u00e9rateur. Ce ne sont pas des photos vol\u00e9es \u00e0 l\u2019insu des sujets. Instantan\u00e9s brillants, sur le vif, et parfois maladroits, t\u00e9moignages de respect, d\u2019humanit\u00e9.<br><br>Chez Simenon, chaque image est un potentiel de roman. Ce photographe amateur poss\u00e8de l\u2019instinct naturel de la s\u00e9quence. Toujours une suite de photos dans un m\u00eame lieu et en action. C&#8217;\u00e9tait donc indiqu\u00e9 de pr\u00e9senter ces images dans de courtes s\u00e9quences, \u00e9tablies en fonction des r\u00e9gions visit\u00e9es, des th\u00e8mes qui nous transportent dans la r\u00e9alit\u00e9 et la fiction.<br>Cette autre approche de l&#8217;auteur est voulue et, je l&#8217;esp\u00e8re vivement pour les lecteurs, qu&#8217;elle favorisera une envie de lecture, d&#8217;entr\u00e9e dans cette fiction qui transforme l&#8217;actuel, qui, comme le dit Bergson \u00e0 propos de l&#8217;intuition, &#8220;plonge dans le mouvement m\u00eame de la vie&#8221; autrement que par le raisonnement.<\/p>\n\n\n<style>.wp-block-kadence-advancedheading.kt-adv-heading951_91c4de-19, .wp-block-kadence-advancedheading.kt-adv-heading951_91c4de-19[data-kb-block=\"kb-adv-heading951_91c4de-19\"]{font-style:normal;}.wp-block-kadence-advancedheading.kt-adv-heading951_91c4de-19 mark.kt-highlight, .wp-block-kadence-advancedheading.kt-adv-heading951_91c4de-19[data-kb-block=\"kb-adv-heading951_91c4de-19\"] mark.kt-highlight{font-style:normal;color:#f76a0c;-webkit-box-decoration-break:clone;box-decoration-break:clone;padding-top:0px;padding-right:0px;padding-bottom:0px;padding-left:0px;}.wp-block-kadence-advancedheading.kt-adv-heading951_91c4de-19 img.kb-inline-image, .wp-block-kadence-advancedheading.kt-adv-heading951_91c4de-19[data-kb-block=\"kb-adv-heading951_91c4de-19\"] img.kb-inline-image{width:150px;vertical-align:baseline;}<\/style>\n<p class=\"kt-adv-heading951_91c4de-19 wp-block-kadence-advancedheading\" data-kb-block=\"kb-adv-heading951_91c4de-19\"><\/p>\n\n\n\n<p class=\"wp-block-paragraph\"><\/p>\n<\/div><\/div><\/div><\/div>\n<\/div><\/div><\/div><\/div>\n\n\n\n<div class=\"wp-block-essential-blocks-flex-container eb-flex-container-block root-eb-flex-container-4sn08\"><div class=\"eb-parent-wrapper eb-parent-flex-container eb-parent-eb-flex-container-4sn08 \"><div class=\"eb-flex-container eb-flex-container-4sn08\"><div class=\"eb-flex-container-inner\">\n<div class=\"wp-block-essential-blocks-flex-container eb-flex-container-block root-eb-flex-container-y7mnm\"><div class=\"eb-parent-wrapper eb-parent-flex-container eb-parent-eb-flex-container-y7mnm \"><div class=\"eb-flex-container eb-flex-container-y7mnm\"><div class=\"eb-flex-container-inner\">\n<div class=\"wp-block-essential-blocks-flex-container eb-flex-container-block root-eb-flex-container-55efs\"><div class=\"eb-parent-wrapper eb-parent-flex-container eb-parent-eb-flex-container-55efs \"><div class=\"eb-flex-container eb-flex-container-55efs\"><div class=\"eb-flex-container-inner\">\n<div class=\"wp-block-essential-blocks-flex-container eb-flex-container-block root-eb-flex-container-fhmfb\"><div class=\"eb-parent-wrapper eb-parent-flex-container eb-parent-eb-flex-container-fhmfb \"><div class=\"eb-flex-container eb-flex-container-fhmfb\"><div class=\"eb-flex-container-inner\"><\/div><\/div><\/div><\/div>\n\n\n\n<div class=\"wp-block-essential-blocks-flex-container eb-flex-container-block root-eb-flex-container-lkalk\"><div class=\"eb-parent-wrapper eb-parent-flex-container eb-parent-eb-flex-container-lkalk \"><div class=\"eb-flex-container eb-flex-container-lkalk\"><div class=\"eb-flex-container-inner\"><\/div><\/div><\/div><\/div>\n<\/div><\/div><\/div><\/div>\n<\/div><\/div><\/div><\/div>\n\n\n\n<div class=\"wp-block-essential-blocks-flex-container eb-flex-container-block root-eb-flex-container-k7edf\"><div class=\"eb-parent-wrapper eb-parent-flex-container eb-parent-eb-flex-container-k7edf \"><div class=\"eb-flex-container eb-flex-container-k7edf\"><div class=\"eb-flex-container-inner\"><\/div><\/div><\/div><\/div>\n<\/div><\/div><\/div><\/div>\n\n\n\n<div class=\"wp-block-essential-blocks-flex-container eb-flex-container-block root-eb-flex-container-941x0\"><div class=\"eb-parent-wrapper eb-parent-flex-container eb-parent-eb-flex-container-941x0 \"><div class=\"eb-flex-container eb-flex-container-941x0\"><div class=\"eb-flex-container-inner\">\n<div class=\"wp-block-essential-blocks-flex-container eb-flex-container-block root-eb-flex-container-0upwb\"><div class=\"eb-parent-wrapper eb-parent-flex-container eb-parent-eb-flex-container-0upwb \"><div class=\"eb-flex-container eb-flex-container-0upwb\"><div class=\"eb-flex-container-inner\">\n<div class=\"wp-block-essential-blocks-flex-container eb-flex-container-block root-eb-flex-container-ph78s\"><div class=\"eb-parent-wrapper eb-parent-flex-container eb-parent-eb-flex-container-ph78s \"><div class=\"eb-flex-container eb-flex-container-ph78s\"><div class=\"eb-flex-container-inner\">\n<div class=\"wp-block-essential-blocks-flex-container eb-flex-container-block root-eb-flex-container-vvh5m\"><div class=\"eb-parent-wrapper eb-parent-flex-container eb-parent-eb-flex-container-vvh5m \"><div class=\"eb-flex-container eb-flex-container-vvh5m\"><div class=\"eb-flex-container-inner\"><\/div><\/div><\/div><\/div>\n\n\n\n<div class=\"wp-block-essential-blocks-flex-container eb-flex-container-block root-eb-flex-container-iydy9\"><div class=\"eb-parent-wrapper eb-parent-flex-container eb-parent-eb-flex-container-iydy9 \"><div class=\"eb-flex-container eb-flex-container-iydy9\"><div class=\"eb-flex-container-inner\"><\/div><\/div><\/div><\/div>\n<\/div><\/div><\/div><\/div>\n<\/div><\/div><\/div><\/div>\n\n\n\n<div class=\"wp-block-essential-blocks-flex-container eb-flex-container-block root-eb-flex-container-80ylr\"><div class=\"eb-parent-wrapper eb-parent-flex-container eb-parent-eb-flex-container-80ylr \"><div class=\"eb-flex-container eb-flex-container-80ylr\"><div class=\"eb-flex-container-inner\"><\/div><\/div><\/div><\/div>\n<\/div><\/div><\/div><\/div>\n","protected":false},"excerpt":{"rendered":"<p>LA GALERIE VID\u00c9O LE DEUXI\u00c8ME CHAPITRE DU LIVRE EST UN RAPPEL DE LA COLLECTION SIMENON \u00c9CRIVAIN PHOTOGRAPHE pour voir les vid\u00e9os un clic sur chacune de ces photos ci-dessous Les deux photos conduisent vers les montages vid\u00e9o : un clic sur chacune d&#8217;elles.LES CANAUX, LA DOUANE \/ LES PORTS DE FRANCE et EUROPE DE L&#8217;EST &#8230; <a title=\"GALERIE VID\u00c9O*\" class=\"read-more\" href=\"https:\/\/valonio.com\/?page_id=951\" aria-label=\"Read more about GALERIE VID\u00c9O*\">Read more<\/a><\/p>\n","protected":false},"author":1,"featured_media":0,"parent":0,"menu_order":0,"comment_status":"closed","ping_status":"closed","template":"","meta":{"_eb_attr":"","_crdt_document":"","_kb_optimizer_status":0,"_themeisle_gutenberg_block_has_review":false,"footnotes":""},"class_list":["post-951","page","type-page","status-publish"],"mb":[],"mfb_rest_fields":["title"],"_links":{"self":[{"href":"https:\/\/valonio.com\/index.php?rest_route=\/wp\/v2\/pages\/951","targetHints":{"allow":["GET"]}}],"collection":[{"href":"https:\/\/valonio.com\/index.php?rest_route=\/wp\/v2\/pages"}],"about":[{"href":"https:\/\/valonio.com\/index.php?rest_route=\/wp\/v2\/types\/page"}],"author":[{"embeddable":true,"href":"https:\/\/valonio.com\/index.php?rest_route=\/wp\/v2\/users\/1"}],"replies":[{"embeddable":true,"href":"https:\/\/valonio.com\/index.php?rest_route=%2Fwp%2Fv2%2Fcomments&post=951"}],"version-history":[{"count":45,"href":"https:\/\/valonio.com\/index.php?rest_route=\/wp\/v2\/pages\/951\/revisions"}],"predecessor-version":[{"id":1686,"href":"https:\/\/valonio.com\/index.php?rest_route=\/wp\/v2\/pages\/951\/revisions\/1686"}],"wp:attachment":[{"href":"https:\/\/valonio.com\/index.php?rest_route=%2Fwp%2Fv2%2Fmedia&parent=951"}],"curies":[{"name":"wp","href":"https:\/\/api.w.org\/{rel}","templated":true}]}}